of 6923484562.
2, 3461742281
List the prime factors of 655435121.
11, 59585011
List the prime factors of 1747148776.
2, 218393597
What are the prime factors of 2098169?
2098169
What are the prime factors of 1629478796?
2, 11, 29, 1277021
List the prime factors of 890081132.
2, 6367, 34949
What are the prime factors of 13665903?
3, 4555301
What are the prime factors of 1848046164?
2, 3, 953, 161599
List the prime factors of 7652831501.
7, 1091, 1002073
What are the prime factors of 35419876?
2, 19, 1291
List the prime factors of 573916835.
5, 211, 543997
What are the prime factors of 247467980?
2, 5, 17, 727847
List the prime factors of 93027300.
2, 3, 5, 310091
What are the prime factors of 40292983?
4663, 8641
What are the prime factors of 362702411?
2399, 151189
List the prime factors of 1246576675.
5, 49863067
List the prime factors of 20421861.
3, 23, 43, 6883
What are the prime factors of 1252868022?
2, 3, 7, 9943397
What are the prime factors of 17894817?
3, 662771
What are the prime factors of 81191124?
2, 3, 7, 53, 6079
What are the prime factors of 52920388?
2, 17, 778241
What are the prime factors of 1556891633?
11, 12866873
What are the prime factors of 92385617?
92385617
List the prime factors of 428367436.
2, 7, 269, 56873
What are the prime factors of 36260943?
3, 12086981
What are the prime factors of 191310497?
7, 27330071
What are the prime factors of 55074693?
3, 31, 127, 4663
What are the prime factors of 792625517?
23, 34461979
List the prime factors of 111748978.
2, 11, 5079499
What are the prime factors of 2949742537?
7, 421391791
List the prime factors of 653844514.
2, 17, 127, 151423
List the prime factors of 133283964.
2, 3, 11, 1009727
List the prime factors of 81157830.
2, 3, 5, 13, 17, 12241
List the prime factors of 985113643.
985113643
What are the prime factors of 177476603?
229, 775007
List the prime factors of 2412183527.
13, 233, 796363
List the prime factors of 14129229.
3, 79, 59617
List the prime factors of 52570187.
52570187
What are the prime factors of 922286463?
3, 7, 233, 188491
What are the prime factors of 2683246223?
7, 61, 897707
What are the prime factors of 3822516542?
2, 13, 1721, 85427
What are the prime factors of 189354782?
2, 1321, 71671
List the prime factors of 101892597.
3, 71, 73, 6553
List the prime factors of 872320868.
2, 4943, 44119
What are the prime factors of 19111540?
2, 5, 7, 136511
List the prime factors of 2590234040.
2, 5, 41, 1087, 1453
List the prime factors of 1358118116.
2, 339529529
What are the prime factors of 161376323?
161376323
What are the prime factors of 578741607?
3, 239, 269057
What are the prime factors of 1520352575?
5, 7, 8687729
What are the prime factors of 277549947?
3, 23, 919, 1459
What are the prime factors of 28032209?
2477, 11317
What are the prime factors of 3845006621?
7639, 503339
What are the prime factors of 298594591?
298594591
List the prime factors of 51315241.
5417, 9473
What are the prime factors of 25677633?
3, 17, 503483
List the prime factors of 190884954.
2, 3, 13, 47, 52069
List the prime factors of 21699473.
31, 691, 1013
List the prime factors of 649929943.
13, 3491, 14321
List the prime factors of 4423328444.
2, 23, 48079657
List the prime factors of 93654987.
3, 193, 161753
List the prime factors of 79503610.
2, 5, 7950361
What are the prime factors of 594997626?
2, 3, 23, 4311577
List the prime factors of 85951471.
137, 627383
List the prime factors of 4729328.
2, 19, 47, 331
List the prime factors of 27267816.
2, 3, 37, 30707
List the prime factors of 2902903443.
3, 11, 41, 113, 6329
What are the prime factors of 233448911?
11149, 20939
List the prime factors of 54585026.
2, 23, 1186631
List the prime factors of 50742338.
2, 41, 353, 1753
List the prime factors of 514897652.
2, 43, 2993591
What are the prime factors of 578578892?
2, 23, 599, 10499
List the prime factors of 9790022.
2, 11, 445001
List the prime factors of 1178631076.
2, 7, 42093967
List the prime factors of 60802266.
2, 3, 7, 127, 11399
List the prime factors of 3257759157.
3, 67, 881, 18397
What are the prime factors of 140054094?
2, 3, 31, 250993
What are the prime factors of 5640862?
2, 41, 68791
What are the prime factors of 460504170?
2, 3, 5, 7, 167, 1459
What are the prime factors of 857153947?
13, 59, 191, 5851
List the prime factors of 368285866.
2, 13, 137, 103393
List the prime factors of 1959246433.
13723, 142771
What are the prime factors of 1162184113?
263, 4418951
List the prime factors of 128816205.
3, 5, 7, 1226821
List the prime factors of 937905685.
5, 187581137
List the prime factors of 31734288.
2, 3, 73459
List the prime factors of 30264858.
2, 3, 13, 9949
What are the prime factors of 37178636?
2, 11, 37, 41, 557
List the prime factors of 23571091.
313, 75307
List the prime factors of 1393391485.
5, 17, 157, 193, 541
List the prime factors of 115993104.
2, 3, 937, 2579
List the prime factors of 9593513.
107, 89659
What are the prime factors of 93837261?
3, 7, 4468441
What are the prime factors of 5113766098?
2, 7, 29, 47, 9241
List the prime factors of 377000203.
29, 2081, 6247
List the prime factors of 69961499.
69961499
List the prime factors of 63250139.
101, 626239
List the prime factors of 7741702880.
2, 5, 3677, 13159
What are the prime factors of 227887837?
67, 3401311
What are the prime factors of 2132537711?
2132537711
What are the prime factors of 1520569776?
2, 3, 11, 461, 6247
List the prime factors of 140453180.
2, 5, 7, 23, 53, 823
What are the prime factors of 79378316?
2, 1663, 11933
List the prime factors of 205169962.
2, 61, 1681721
List the prime factors of 56264631.
3, 61, 131, 2347
List the prime factors of 5709313132.
2, 43, 33193681
What are the prime factors of 41998384?
2, 2624899
List the prime factors of 1179352538.
2, 7, 13, 6479959
List the prime factors of 152743587.
3, 50914529
List the prime factors of 2893529.
19, 67, 2273
What are the prime factors of 859225288?
2, 17, 659, 9587
List the prime factors of 93739036.
2, 23434759
List the prime factors of 866922296.
2, 108365287
List the prime factors of 31380544.
2, 13, 37717
List the prime factors of 2612132865.
3, 5, 47, 163, 7577
What are the prime factors of 745359806?
2, 281, 1123, 1181
What are the prime factors of 1911836949?
3, 11, 17, 3407909
List the prime factors of 135644443.
11, 271, 45503
What are the prime factors of 894046509?
3, 337, 294773
List the prime factors of 3161079888.
2, 3, 23, 103, 27799
List the prime factors of 4089107857.
19, 227, 948089
List the prime factors of 1606241.
7, 13, 19, 929
List the prime factors of 136576028.
2, 17, 19, 37, 2857
What are the prime factors of 375757291?
7, 13, 251, 16451
What are the prime factors of 1909595?
5, 19, 20101
List the prime factors of 96030503.
19, 37, 136601
What are the prime factors of 2976261?
3, 992087
What are the prime factors of 183427377?
3, 7, 613, 14249
What are the prime factors of 489414591?
3, 54379399
What are the prime factors of 2701634228?
2, 397, 467, 3643
What are the prime factors of 13610631?
3, 19, 73, 3271
List the prime factors of 13905714.
2, 3, 2317619
List the prime factors of 4271753346.
2, 3, 7, 41, 2480693
What are the prime factors of 353513885?
5, 4937, 14321
What are the prime factors of 1383816753?
3, 11, 83, 168409
List the prime factors of 1061940567.
3, 23, 137, 112339
List the prime factors of 131226944.
2, 17, 103, 1171
List the prime factors of 227373635.
5, 45474727
What are the prime factors of 1820785822?
2, 29, 1163, 26993
What are the prime factors of 607813789?
11, 137, 403327
What are the prime factors of 283359651?
3, 41, 71, 457
List the prime factors of 64454093.
11, 2239, 2617
What are the prime factors of 439629400?
2, 5, 7, 314021
What are the prime factors of 1416162257?
173, 8185909
What are the prime factors of 11033587?
1201, 9187
What are the prime factors of 76364090?
2, 5, 11, 167, 4157
What are the prime factors of 825003385?
5, 263, 627379
What are the prime factors of 100200108?
2, 3, 17, 67, 7331
List the prime factors of 1642346.
2, 821173
List the prime factors of 482798933.
3877, 124529
What are the prime factors of 108968811?
3, 7, 37, 59, 2377
List the prime factors of 1591482301.
241, 1103, 5987
What are the prime